 What is the remainder when w is divided by 11/55 - 282/(-15)?
4
Suppose 13*l - 388 = -297. Suppose f + 8 = 5*f. Suppose 5*h = -f*u + 25 + 24, 0 = -5*h - u + 52. Calculate the remainder when h is divided by l.
4
Let q = -3889 + 3925. Suppose 3*c = -f + 32, -5*f = 2*c + 3*c - 160. Let s = f + -19. Calculate the remainder when q is divided by s.
10
Suppose -3*c = -q + 21, 0*q + 3*c = 2*q - 30. Suppose 0 = -2961*k + 2969*k - 48. Calculate the remainder when q is divided by k.
3
Suppose -16*j + 24*j = -20*j + 280. Calculate the remainder when 115 is divided by j.
5
Let k(z) = 2*z**3 - 37*z**2 + 18*z + 106. What is the remainder when 322 is divided by k(18)?
4
Suppose -24*r = -165 - 1431 - 108. What is the remainder when 693 is divided by r?
54
Let v(z) = -1 - 2 + 8 - 77*z - 1. Let p be v(-1). Let s = p - 62. What is the remainder when s is divided by 10?
9
Suppose -4*s - 2*k = -24, -6 = 7*s - 8*s - 5*k. Calculate the remainder when 586 is divided by 14*(7 - -1 - s).
26
Let k(b) = -799*b - 30. Let s be k(-2). Suppose -s = 15*f - 19*f + 4*o, 3*f = -o + 1180. What is the remainder when f is divided by 36?
33
Let p(c) = 2*c**2 + 11*c + 4. Let g be p(5). Suppose -g = h - 2*h. What is the remainder when h is divided by 29?
22
Let f(r) = -2*r - 5*r + 4 + 4 + 3*r. Let a be f(3). What is the remainder when (-4 + (-11 - a))/(1/(-11)) is divided by 31?
28
Suppose -11*i - 35 = -18*i. Suppose 4*c = 0, 9*q - 11*q = -i*c - 8. Suppose -2*f + 12 = -28. Calculate the remainder when f is divided by q.
0
Suppose b - 4*b - 558 = 4*c, 3*b + c = -558. Let g = b - -212. What is the remainder when 90 is divided by g?
12
Let l = -6144 - -7030. Calculate the remainder when l is divided by 127.
124
Let y be (12/(-7))/((-16)/56). Suppose 25*c + 5*q = 28*c - 101, -104 = -2*c - 4*q. Suppose -y*l + 42 = -c. What is the remainder when 19 is divided by l?
5
Suppose 0 = -55*t + 74660 + 2850 + 17805. Calculate the remainder when t is divided by 174.
167
Let u = -312 - -306. Let w = -108 + 187. What is the remainder when w is divided by (-7 - u)/(1*4/(-108))?
25
Let q(s) = s**3 + 3*s**2 - 40*s - 70. Suppose 0 = -5*c - c + 2592. Calculate the remainder when c is divided by q(-7).
12
Let o(w) = -w**3 - 47*w**2 - 348*w + 42. What is the remainder when o(-38) is divided by 50?
20
Calculate the remainder when 1/((-2)/202)*(1 + -15) is divided by 13.
10
Suppose 0 = -10*f + 4 - 14. Let z = -17 - -105. Calculate the remainder when z is divided by ((f - -1) + 3)*248/24.
26
Let f be 0/(-2) - 0 - (-48)/24. Suppose -o - 2*c = f*c - 14, -2*o + 3*c = -72. What is the remainder when o is divided by 8?
6
Calculate the remainder when 575 is divided by 4 - ((-486)/16 - 120/(-320)).
31
Let d = -3381 + 3517. Calculate the remainder when d is divided by 76.
60
Let i = 1403 - 1330. What is the remainder when 2099 is divided by i?
55
Let p = 6567 - 6442. Calculate the remainder when p is divided by 16.
13
Suppose 5*x - 620 = -4*o, 4*x - 148 = 3*x + 4*o. Suppose 0 = -29*a + 31*a - x. What is the remainder when 188 is divided by a?
60
What is the remainder when 1347 is divided by (9*(-4)/33)/((-42)/231)?
3
What is the remainder when 168 is divided by ((-21)/35)/(0 - 2/(-20)) + 44?
16
Calculate the remainder when 593 is divided by 8/((-6)/27*(-60)/40).
17
Let v = 2 + -3. What is the remainder when ((-1)/(-3))/(((-1)/203)/(90/(-210))) is divided by (-24)/(-3 - v) + -1?
7
Let f(x) = -18*x + 1. Let n(y) = y. Let v(z) = -f(z) - n(z). Let q(a) = -2*a**3 + 2*a**2 + 14*a + 16. What is the remainder when q(-3) is divided by v(1)?
14
Let r = 20 - -33. Let f be 22/(3/((-9)/(-6))). Suppose -4*s + 119 - f = 0. What is the remainder when r is divided by s?
26
Suppose 0 = 18*y - 0*y - 4428. Let r = -214 + y. Calculate the remainder when r is divided by 21.
11
Let m = 72 + -24. Let q(l) = -l**3 + 33*l**2 + 48*l - 293. Calculate the remainder when q(34) is divided by m.
39
Let m(a) = 6*a**2 + 124*a - 1. Let k be m(-24). Let q = k - 436. Calculate the remainder when q is divided by 13.
4
Let j = 14107 - 14051. Calculate the remainder when j is divided by 21.
14
What is the remainder when 117 is divided by (2 + 30/10)*(-54)/(-5)?
9
Suppose -3*s + g + 2833 = 0, 16*s = 11*s - 4*g + 4699. Calculate the remainder when s is divided by 21.
19
Suppose 92*r - 95*r + f = -51, -4*r - f + 75 = 0. Calculate the remainder when 843 is divided by r.
15
Let z = 3150 - 3134. Suppose -6*w + 1258 + 542 = 0. What is the remainder when w is divided by z?
12
Suppose -3*g = -5*o + 10*o + 8, 2*g + 3*o + 4 = 0. Suppose -515 + 1734 = 5*q + k, 2*q - g*k - 470 = 0. Calculate the remainder when q is divided by 62.
57
Let h(l) = -2960*l - 14764. What is the remainder when 139 + (-2)/(0 - 2) is divided by h(-5)?
32
Suppose 1704*k = 1716*k - 1548. Calculate the remainder when k is divided by 68.
61
Let a(b) = b**3 - 2*b**2 - 5*b - 3. Suppose 63*j - 6156 + 1809 = 0. Calculate the remainder when j is divided by a(4).
6
Let z = 142 - 165. Let a = 38 + z. What is the remainder when 192 is divided by a?
12
Suppose -900 = -1584*u + 1590*u. Let a = u - -218. Let q(f) = -13*f - 10. What is the remainder when q(-11) is divided by a?
65
Suppose -442 = 4*m + 5*z, 5*z + 596 = -5*m + 41. Suppose 137*l = 109*l + 2268. Calculate the remainder when l is divided by (-1)/4 + m/(-4).
25
Let s(b) = 5*b**2 - 2*b + 5. Let g = 621 - 614. Suppose -2*o + 5*n = -g, 3*o - 33 - 30 = -3*n. Calculate the remainder when s(4) is divided by o.
13
Suppose 0 = z - 1770*i + 1768*i - 1147, -4*i = 5*z - 5693. What is the remainder when z is divided by 561?
19
Let g = -192 + 374. Let z(s) = 2*s**3 + 83*s**2 + 114*s - 194. Calculate the remainder when g is divided by z(-40).
44
Let q(p) = p**3 + 7*p**2 + 6. Let l be q(5). Let a be (-12)/36*-24 + (4 - 2) + 4. Suppose -l = -4*m - a. Calculate the remainder when m is divided by 39.
34
Suppose -179 - 41 = -4*w. Suppose 327*q - 5232 = 303*q. What is the remainder when q is divided by w?
53
Let f(o) = 2*o - 40. Let i be f(17). Let u be i/(-4)*(-32)/(-24). Suppose d - u*p - 6 = 2*d, 3*d = p + 17. What is the remainder when 38 is divided by d?
2
Let z be (-2961)/(-18)*-2*1. Let p = z - -482. Let c(x) = 4*x - 5. Calculate the remainder when p is divided by c(9).
29
Let t be (-7 - -19 - -6)*(-3)/(-2). Suppose 0 = -241*c + 242*c - t. Calculate the remainder when 98 is divided by c.
17
Let l(y) = 81*y - 24. Let f be l(7). Suppose 2*p = 2*n + 310, 3*p + 74 = n + f. Calculate the remainder when p is divided by 20.
17
Let l = 187 - 35. Let o = l - 139. What is the remainder when 35 is divided by o?
9
Suppose 504 - 324 = -17*l + 2492. What is the remainder when 409 is divided by l?
1
Suppose -8553 = -5*m + 4*z, -47*m + 8550 = -42*m - 5*z. What is the remainder when m is divided by 12?
9
Let z(y) = -2*y**2 + 259*y + 2672. What is the remainder when 6196 is divided by z(139)?
27
Suppose 55 + 57 = 2*b. Suppose -40821 = 50*l - 580*l + 34439. What is the remainder when l is divided by b?
30
Suppose -3*r + 3*a + 14 = -r, -21 = -3*r - 2*a. Suppose -9*k + 98 = -r*k. Let s(x) = -x**2 - 22*x - 103. Calculate the remainder when k is divided by s(-11).
13
Suppose 0 = -76*z + 77*z + 5, -3*n + 5*z = -454. Calculate the remainder when 513 is divided by n.
84
Let d = 176 + -146. What is the remainder when 78/d*29 - 6/(-10) is divided by 7?
6
Calculate the remainder when 3/(-5) + 536/4*(-8)/(-20) is divided by 27.
26
Let b = 2559 - 2080. Calculate the remainder when b is divided by 13.
11
Let i be 1/(6/(-12) + 0). Let q(z) = 2*z + 19. Let y be q(i). Suppose 9*r = y + 75. What is the remainder when r is divided by 2?
0
Let y = 11166 + -7727. What is the remainder when y is divided by 93?
91
What is the remainder when 1039 is divided by (5 - 2009/(-42)) + (-10)/12?
51
Suppose 828*i = 778*i + 13650. What is the remainder when 1110 is divided by i?
18
Let v = 26728 + -26483. What is the remainder when v is divided by 191?
54
Let q(h) = 3*h**3 + 27*h**2 + 25*h + 11. Let d = 36 - 24. Let a = d - 3. Calculate the remainder when a is divided by q(-8).
0
Suppose 5*y + 12 = -k, -3*k - 27*y = -29*y - 83. Calculate the remainder when 832 is divided by k.
4
Suppose -p + 53 = a, -3*p - 13*a + 134 = -15*a. Calculate the remainder when p is divided by -4*(-2)/(8/10).
8
Let n be (-4)/54 - 13